*2 - 2*f - 1. Let p be x(-1). Suppose 5*r - 21 - 164 = p. List the prime factors of r.
37
Suppose 4*m = -5*r + 16, 0*r + 3*m - 17 = -5*r. Let f = -40 - -22. List the prime factors of (-1 + -1)/(r/f).
3
Let y = 1 - -4. Suppose 5*o + y = 20. What are the prime factors of o + (2 - -12 - 2)?
3, 5
Let z(r) be the third derivative of r**5/60 + 7*r**4/24 + 7*r**3/6 + r**2. Let u be z(-7). Suppose -u*a + 52 = -3*a. What are the prime factors of a?
13
Suppose -r - 4*r = -10. Suppose r*p = 1 + 7. What are the prime factors of p?
2
Suppose -4*z + 6 = -6. Suppose 5*o = -z*c + 156, 0 = 2*c + o - 59 - 52. What are the prime factors of c?
3, 19
Let g = 0 + 2. Let n = 9 - 7. Suppose -b - 3*o = o + 1, -g*o = n. What are the prime factors of b?
3
Let w(x) = 3*x. Let f be w(1). Suppose -f*u = -4*u. Suppose u = -2*j - 0*j + 20. List the prime factors of j.
2, 5
Let s(h) = 3*h**2 + 4*h - 2. Let z(k) = -k**3 + 3*k**2 + 3*k - 2. Let b(i) = 3*s(i) - 4*z(i). What are the prime factors of b(2)?
2, 11
Let z(x) be the first derivative of -x**4/4 - x**3 - x**2 + x - 3. List the prime factors of z(-3).
7
Suppose 23*k = 17*k + 744. List the prime factors of k.
2, 31
Let y(f) be the first derivative of -f**3/3 + 5*f**2/2 + 4. List the prime factors of y(4).
2
Suppose -4 + 0 = -4*i. Let z = i - 1. What are the prime factors of (z/(-2) + -2)*-2?
2
Let m be 2/9 - 58/18. Let g be -3 - (1 + m) - -6. Let t(i) = i**3 - 5*i**2 + 3*i - 4. List the prime factors of t(g).
11
Suppose 4*z + 112 = 4*v, v - 4*z = 31 - 3. What are the prime factors of v?
2, 7
Suppose -5*f - 4*q = -166 - 94, f - 52 = 4*q. Let i = f + -26. List the prime factors of i.
2, 13
Suppose 2*i - 5 = -3. What are the prime factors of i*(3 + 12 - -2)?
17
Let n(d) = d**3 + 3*d**2. Let o be n(-3). Suppose o*q = 5*q + 55. Let t = q - -22. What are the prime factors of t?
11
Suppose 5*f - 55 - 135 = 0. List the prime factors of f.
2, 19
Suppose -2*m + 25 = 3*k, 40 = 5*m - 3*k + 6*k. What are the prime factors of m - -6*(-3)/9?
3
Let v be (-14)/63 - (-50)/(-18). Let x(z) = z**3 + 4*z**2 + z + 4. What are the prime factors of x(v)?
2, 5
Suppose -2*k + 66 = 3*d, 4*k - k = 4*d - 88. List the prime factors of d.
2, 11
Let k be (-46)/(-3 - (2 - 3)). Suppose -10 = -3*y + k. List the prime factors of y.
11
Let v(f) = -3*f - 10. List the prime factors of v(-13).
29
Suppose 10*w = 15*w - 50. List the prime factors of w.
2, 5
Suppose 4*z - r = 182, -3*z - 4*r = -82 - 45. List the prime factors of z.
3, 5
Let z be 1/(((-1)/1)/(-7)). Let q(v) = v + 8. Let r be q(z). Suppose -5*k = -0*k - r. What are the prime factors of k?
3
Suppose -2*z - 4 = 0, 5*i - 15 = 4*z + 53. Suppose 3*m + 4*t = 9*t + 49, 4*t = -4*m + i. List the prime factors of m.
2
Let k be 2/(-5) + 108/20. Suppose k*j - 3*j - 1 = g, 0 = 3*j - 9. List the prime factors of 2/5 - (-18)/g.
2
Let g(k) = -12*k - 5. List the prime factors of g(-5).
5, 11
Let y(k) = k**3 + 7*k**2 - 8*k + 6. What are the prime factors of y(-8)?
2, 3
Let o(i) = i**2 + 8*i + 7. Let j be o(-7). Suppose -2*u - 17 = -5*n, -5*u - 4 - 1 = j. Suppose -h - n*h = -32. List the prime factors of h.
2
Suppose 3*u - 36 = -0*u. Let b = u - 9. What are the prime factors of b?
3
Let n(p) = -2*p**2 - 10*p - 6. Let y be n(-4). Suppose -f = d - 32, 0 = f - 2*f - y*d + 36. List the prime factors of f.
2, 7
Let c(r) = 4*r - 3. Let i(m) = -m + 8. Let d be i(6). What are the prime factors of c(d)?
5
Suppose -2*o - 15 = -7*o. List the prime factors of o.
3
Let r be (-3)/(-6) + (-27)/(-2). Let m = r - 6. What are the prime factors of m?
2
Let j = -19 + 211. List the prime factors of j.
2, 3
Let m(r) = 5*r**2 + 3*r + 1. Let w be m(-1). Let o be 23/2 + 2/(-4). Suppose 4*j = -12, -25 - o = -w*z + 5*j. What are the prime factors of z?
7
Let u(v) = 3*v**2. Suppose m + 1 = -0*m. Let d be (-2)/(-2)*(m - 0). What are the prime factors of u(d)?
3
Let d = 220 + -139. What are the prime factors of d?
3
Let b = -31 - -45. Let l = 27 - b. List the prime factors of l.
13
What are the prime factors of 47 - 6*(-2)/4?
2, 5
Suppose -6*l + 345 = -l. What are the prime factors of l?
3, 23
Let c = 8 - 6. Suppose -c*w - 2 = p, 5*w + 16 = p + 2*p. Suppose 2*s + 2*o = -p*s + 44, -3*s + 7 = -5*o. What are the prime factors of s?
3
Let m(x) = 2*x**2 + 8*x + 5. Let p be m(-5). Suppose -y - p = -4*y. Suppose -18 = -r + y*q, 3*r - q - 15 = q. List the prime factors of r.
3
Let s = -5 + 21. Suppose -5*m + 38 = -5*u + 3*u, -2*m + u + s = 0. List the prime factors of m.
2, 3
Suppose 2 - 5 = -l. Suppose l*w - 94 = w. List the prime factors of w.
47
Let f(x) = -7*x - 62. What are the prime factors of f(-22)?
2, 23
Suppose -2*f - 2 = 2*r, -1 = f - 3*r + 12. Let w = f + 30. Let k = w + -14. List the prime factors of k.
2, 3
Let r(s) = -29*s + 6. Let f be r(10). What are the prime factors of 4/18 + f/(-18)?
2
Let q = 175 - -37. What are the prime factors of q?
2, 53
Let u be (3/(-3) + -1)/(-1). Let x(f) = 3*f - 2 + 9*f**3 - 4*f**u - 3*f**3 - 3*f**3. List the prime factors of x(2).
2, 3
Suppose -28*z + 23*z + 785 = 0. List the prime factors of z.
157
Let o = -5 - -1. Let q be (-32)/(-20) - o/10. List the prime factors of 3 - -10 - q/2.
2, 3
Let i = 13 + -12. Suppose 4*l = 4*b + i + 43, 4*b - 60 = -4*l. List the prime factors of l.
13
Suppose 8*p = -4*l + 10*p + 336, -l - p + 78 = 0. What are the prime factors of l?
2, 41
Let d(s) = s**3 - s**2 + s + 2. Suppose 10 = 5*z - 0*z. List the prime factors of d(z).
2
What are the prime factors of (2 + 40 - 0) + (-4)/(-2)?
2, 11
Let s = 2 - -2. Suppose -s*t + 75 + 113 = 0. What are the prime factors of t?
47
Let f be -1*(3 + 0)*-3. Let s be (f/6)/((-6)/(-8)). Suppose 0*b = b - s. List the prime factors of b.
2
Suppose -s - 4*s = 5. Let o(g) = -5*g. Let i be o(s). Let k = 0 + i. List the prime factors of k.
5
Let j(v) = 2*v + 23. Let f(a) = -4*a - 46. Let q(p) = -3*f(p) - 5*j(p). What are the prime factors of q(0)?
23
Let g = -28 - -74. What are the prime factors of g?
2, 23
Suppose -44 = -2*m + 2*w, 3*w - 7*w = -m + 13. Suppose 3*o - 98 = m. What are the prime factors of o?
41
Let b(q) = -q**2 + q + 5. Let w be b(3). Let p(g) = -8*g + 1. What are the prime factors of p(w)?
3
Suppose -150 = -p - p. Suppose -p = -3*o - 0*o. What are the prime factors of 95/o - 2/(-10)?
2
Let q(w) = 3*w - 4*w**2 + 1 + 4*w**3 - 3 - 2*w**3. List the prime factors of q(2).
2
Let w = -163 - -247. What are the prime factors of w?
2, 3, 7
What are the prime factors of -14*(-1 + 15/(-10))?
5, 7
Let m be (-2)/8 - 315/20. Let c = 16 - m. List the prime factors of c.
2
List the prime factors of (68/20 - 4) + (-758)/(-5).
151
Let c(r) = r**3 - 9*r**2 + 9*r - 4. Let n be c(8). List the prime factors of n*(6/(-3) - -3).
2
Let s = 5 - 8. Let a(c) = 8*c + 3. Let i(g) = -7*g - 3. Let n(p) = 3*a(p) + 4*i(p). What are the prime factors of n(s)?
3
Suppose 2*d - 18 = 60. List the prime factors of d.
3, 13
Let y(u) = 3 - 2*u - 2*u**3 + 4*u**3 - 1 + 3*u**2 - u**3. Let d be y(-3). Suppose -2*b + d = 2*b. List the prime factors of b.
2
Let q be (-4)/(-10) + 515/25. Let s be 98/(-8) - (-1)/4. Let d = s + q. What are the prime factors of d?
3
Suppose -54 = -8*f + 7*f. What are the prime factors of f?
2, 3
Suppose -3*w + 3 = -2*w, -2*w = -5*q + 144. Suppose x + x = q. What are the prime factors of x?
3, 5
Let g(u) = -117*u - 4. List the prime factors of g(-1).
113
Let p = 2 + 0. Let l = 1 + p. Suppose -b + 19 - 1 = -3*t, 0 = l*b + 3*t - 18. List the prime factors of b.
3
Let r = -3 + 9. Let q(n) = 2*n - 3. List the prime factors of q(r).
3
Suppose -3*d + 3 + 0 = 0. What are the prime factors of (-2 - -3) + 15/d?
2
Let c = -5 + 9. Suppose c*w + 54 = -26. List the prime factors of ((-18)/10)/(4/w).
3
Let r(u) = u**2 + u + 3. Let c be r(0). Let k(y) = -1 - 2*y + 0*y + c. List the prime factors of k(-4).
2, 5
Let d be 3/6*2 + 2. Suppose 0 = -j - d*j + 3*a - 5, -a + 6 = 3*j. Suppose j - 10 = -3*c. List the prime factors of c.
3
Let o(m) = 14*m**3 + m**2 - 1. Let j be o(1). List the prime factors of (1 + j)*18/10.
3
Suppose o + 6*b = 5*b + 51, 102 = 2*o + b. List the prime factors of o.
3, 17
What are the prime factors of 526/12 - 4/24*-1?
2, 11
Suppose r - 64 - 76 = 0. List the prime factors of r.
2, 5, 7
Suppose 2*d - 3*y = 113, 4*y = -d + 3*d - 114. What are the pr